m.
1
Let b(u) = -u**2 + 30. Let q be 1*(-1 + 5 + (1 - 5)). Let a be b(q). Let i = -23 - -38. What is the greatest common divisor of a and i?
15
Suppose 6 + 18 = 4*l. Let c be l/(-4 + 1) + 191. Let i be -8*1 + 203/7. Calculate the greatest common factor of c and i.
21
Suppose 3*r - 205 = 4*d, -15*d + 20 = -20*d. What is the greatest common factor of 147 and r?
21
Let t(u) be the second derivative of u**5/20 - 11*u**4/12 - 7*u**3/6 + 25*u. Let z be t(12). What is the greatest common divisor of z and 150?
30
Let i be (-2 + 0 + 2)*-1. Suppose -76 + i = 4*x. Let v = 44 + x. Calculate the greatest common factor of 10 and v.
5
Let g = -31 + 53. Let b = -14 - -143. Suppose b = f - 5*y, 0 = 2*f + f - 3*y - 447. Calculate the greatest common factor of f and g.
22
Let a be 36 + -7 + -1 + 4. Let o(s) = s**3 + 5*s**2 - 8*s - 8. Let j be o(-6). What is the greatest common divisor of a and j?
4
Let s be (-1 + 178)/(6/4). Let o(l) = l**3 - 11*l**2 - 12*l - 8. Let x be o(12). Let u = x + s. What is the greatest common factor of 22 and u?
22
Let k(r) = -2*r**3 + r**2 + 2*r + 1. Suppose p = -4*p - 20. Let s be p - (2 - 3 - 2). Let h be k(s). Calculate the highest common factor of h and 8.
2
Suppose 33*m - 29*m - 352 = 0. What is the highest common divisor of 99 and m?
11
Let f = 64 - 61. Suppose -f*p + 28 + 29 = 0. Calculate the highest common divisor of p and 76.
19
Let z = 207 - 166. Calculate the highest common divisor of z and 943.
41
Let u(c) = 51*c - 12. Let x be u(2). Suppose -3*s = b + 6, -5*b + 0*s = -s - 2. Let d be -6*(1 + b)*-5. What is the highest common divisor of x and d?
30
Let b(u) = 2*u**2 - 6*u + 1. Let m be b(5). Suppose 3*i - 53 = -4*k, 4*k = -5 + 25. Suppose i*s = 6*s + 70. What is the highest common factor of s and m?
7
Suppose 30 = 2*p + p. Let x = 319 - 115. Suppose -5*a = -l - x, -6*l + 8*l + 8 = 0. What is the highest common factor of a and p?
10
Suppose -26*v = -28*v + 400. Suppose 0 = 3*h + 3*a, -2*h - 4 = 3*h + 3*a. Let p be (15/(-6))/(h/20). Calculate the greatest common divisor of v and p.
25
Suppose 2*v = -v. Suppose 9*o - 4*o - 5 = v. Let h be (o/1)/((-4)/(-60)). Calculate the greatest common divisor of 6 and h.
3
Let k be (-115)/(-9) - 28/(-126). Let l be (-3)/(-4) + (-1395)/(-12). What is the highest common factor of l and k?
13
Let v(l) = -l**2 + l - 2. Let o be v(-5). Let f = o - -16. Let q = 51 + f. Calculate the greatest common factor of 5 and q.
5
Let o = 174 - 155. Suppose -4*x - 2 = -22, 3*w - 2*x = 47. What is the greatest common factor of o and w?
19
Let n be (-65)/(-15) - (-2)/3. Let o be 2/1 + (n - 3). Suppose o - 28 = -2*w. Calculate the highest common divisor of 30 and w.
6
Suppose 4*q - 16 = -0*q. Suppose -77 + 21 = q*r. Let s = r + 36. Calculate the highest common divisor of s and 2.
2
Let m be (-117)/6 + 0 - 3/(-6). Let i(f) = -2*f - 37. Let p be i(m). Calculate the highest common divisor of 20 and p.
1
Suppose 3*j + 10*c = 13*c + 18, 0 = 2*c - 6. Suppose -2*x + 168 = -256. Let q = x + -113. Calculate the greatest common divisor of q and j.
9
Suppose 5*u + h = -2, u + u - h + 5 = 0. Let i be 1 + 5 - (-13)/(65/(-10)). Let a = i + u. Calculate the highest common factor of 2 and a.
1
Suppose -2*r + 2*b = 0, -5*b + 13 + 12 = 0. Suppose 0*p + 4*o + 18 = r*p, 27 = 2*p + 5*o. Calculate the highest common factor of 66 and p.
6
Let t = 220 - 185. Calculate the greatest common divisor of t and 28.
7
Let l be 0*1/(-3)*-3. Suppose -2*s + 2*v = -66, 5*s + 4*v - 47 - 91 = l. Let j = s + -8. Calculate the greatest common factor of 33 and j.
11
Suppose -307 + 55 = -21*t. What is the greatest common factor of 12 and t?
12
Let c = -14 - -20. Let n = -45 + 91. Let b = -44 + n. Calculate the greatest common divisor of b and c.
2
Let h(o) = 76*o + 20. Let b be h(7). Suppose -2*q + 592 + b = 0. What is the highest common divisor of 52 and q?
52
Suppose -5*j - 4*d + 47 = 0, -2*d = 4*j - 0*d - 40. Let q be (1 + 21)/(6/3). What is the highest common divisor of q and j?
11
Let v(d) be the third derivative of d**4/24 + 5*d**3/6 - 6*d**2. Let f be v(18). What is the greatest common divisor of f and 184?
23
Let x be -8*(22/(-4) + (1 - -2)). Let a = x - 6. What is the greatest common factor of 14 and a?
14
Let i(v) = v**2 + 77. Let b be i(35). Calculate the greatest common factor of b and 84.
42
Suppose 0 = 3*s + 3*c, 5*s - 2*c + 10 = 3*c. Let l(i) = 9*i**2. Let v be l(s). Suppose -10*z - 1082 = -1142. What is the greatest common factor of v and z?
3
Suppose 0 = 3*q - y - 6, 8 = -q - 2*y - y. Calculate the greatest common divisor of q and 47.
1
Let w(r) = -r**2 - 6*r + 3. Let t be w(-6). Let h = 6 + t. Calculate the greatest common divisor of h and 153.
9
Let x(h) = 22*h**2 + 16*h - 29. Let c be x(3). Calculate the highest common factor of c and 14.
7
Let n(v) = -4*v - 2. Let k be n(-1). Let d be (27 - -3)*k/4. Let s be (d/6)/(1/4). What is the highest common divisor of 2 and s?
2
Suppose -2*i = -o + 55, 0 = 5*o - 3*i + 6*i - 210. What is the greatest common factor of o and 450?
45
Suppose 0 = -5*s + 124 + 461. What is the greatest common factor of 9 and s?
9
Suppose 3*r - 4*f = f + 34, -2*r = f - 27. Suppose 0 = r*j + 9 - 22. Calculate the highest common divisor of j and 16.
1
Let i be (-372)/9*(-12)/8. Suppose -p = -3*p + 4*w + i, 2*p - 53 = w. Calculate the highest common divisor of p and 10.
5
Let y(t) be the second derivative of -17*t**5/10 + t**4/12 - t**3/2 - t**2 + 31*t. Let m be y(-2). What is the greatest common factor of 40 and m?
40
Let r(s) = -s**2 - 15*s - 26. Let h be r(-11). Let w(m) = -4*m + 10. Let x be w(-11). What is the highest common divisor of x and h?
18
Let z be 8*12/32*(6 - 2). Calculate the highest common divisor of 192 and z.
12
Suppose 5*q - 271 = 9. Calculate the greatest common divisor of 63 and q.
7
Suppose -k = -5*k + 24. Suppose 2*u = 16 + 70. Let z = u + 23. What is the greatest common factor of z and k?
6
Let t = 76 - 9. Let w = 1389 - 786. What is the greatest common factor of t and w?
67
Suppose 0 = -4*l - 3*v + 99, -26 = 3*l + 5*v - 103. What is the highest common divisor of l and 456?
24
Let g be (-3 + 48/18)/(-6 - (-250)/42). Let r be -2 + (-86)/(-4 - -2). Suppose 0 = 4*x - r - 43. What is the greatest common factor of x and g?
7
Let i be (-364)/(-1183) - (-1370)/26. Let n = -578 + 843. What is the greatest common divisor of i and n?
53
Suppose -3*o - 810 = -3*g, 0 = 2*g - 4*o + 56 - 586. Calculate the greatest common divisor of g and 11.
11
Let h be -20 + 2/4*-2. Let q = -7 - h. Suppose 0 = 4*j + 60 - 340. What is the highest common divisor of j and q?
14
Suppose 5*x = 1561 - 236. What is the highest common divisor of x and 5?
5
Let b = -229 + 581. Calculate the highest common divisor of 96 and b.
32
Let h be -1 + (78 - (-10)/(-5)). Let y = 6 + 24. Calculate the highest common factor of h and y.
15
Suppose 7*o = 2*o + 15. Suppose o = 3*b - 15. Let u = b + 4. Calculate the highest common divisor of u and 40.
10
Let j(z) = z**3 + 7*z**2 - 8*z + 4. Let s be j(-8). Let h be 45/s*28/7. What is the greatest common factor of 15 and h?
15
Let b = -101 - -31. Let p be 33/7 + (-20)/b. Suppose 0 = 3*q - a + 5*a - 27, 5*a + p = 4*q. What is the greatest common factor of q and 45?
5
Let g(n) = -n + 3. Let u = -12 - -12. Let y be g(u). Suppose -7*l + y*l = -64. What is the greatest common factor of 32 and l?
16
Let w(i) = 35*i**3 + i**2 - 2*i + 1. Let y be w(1). Let j be ((-56)/10)/((-14)/y). Let x be (-3)/1*j/(-2). What is the highest common factor of 105 and x?
21
Let p(v) = v + 1. Let w be (-6)/(12/4) + 0. Let l be 8/24 - w/3. Let k be p(l). What is the greatest common divisor of 16 and k?
2
Let u(d) = 127*d - 2313. Let y be u(19). Let o = -24 - -64. Calculate the highest common factor of y and o.
20
Let f(u) = 7*u**2 - 14*u + 23. Let h be f(2). Let z(y) = 116*y**2 - 2*y + 1. Let p be z(1). Calculate the highest common factor of p and h.
23
Let k(r) = r + 8. Let p(d) = -3. Let x(h) = -3*k(h) - 7*p(h). Let i be x(-2). What is the highest common factor of i and 21?
3
Let o be (4/(-6))/((-6)/171). Suppose 14*g + 436 = 2298. What is the highest common factor of o and g?
19
Suppose -3 = f - 5. Suppose -3*m + 3*s = -87, 4*m = 3*m - f*s + 14. Suppose 96 = -u + 2*u. What is the highest common divisor of u and m?
